 when v is divided by y?
13
Suppose -4*o - 7 = -5*o. What is the remainder when o is divided by 4?
3
Calculate the remainder when 4 - 0 - -3*40 is divided by 14.
12
Let t = 9 + -5. Let p = 38 - 23. Suppose -9 - p = -t*s. Calculate the remainder when 16 is divided by s.
4
Let i be (0 - 3) + (-50)/(-5). Suppose 2*n = i*n - 140. Calculate the remainder when n is divided by 15.
13
Let x(i) = i + 29. Let b(c) = 2*c + 5. What is the remainder when x(7) is divided by b(7)?
17
Let n(p) = p**2 + 6*p + 12. Let o be n(-8). Suppose -3*d = d - o. What is the remainder when 18 is divided by d?
4
Suppose -4*r = -5*c + 175, -126 - 14 = -4*c + 4*r. Calculate the remainder when c is divided by 12.
11
Let f(r) = -27*r - 1. Suppose 0 = -0*z - 4*z + 3*n + 47, 0 = -4*z - 4*n + 68. Calculate the remainder when f(-1) is divided by z.
12
Let d = 2 + 21. Suppose -1099 = -17*t + 414. What is the remainder when t is divided by d?
20
Suppose 2*l + 0*l - 22 = 0. Calculate the remainder when 120 is divided by l.
10
Suppose -3*o + 68 = 5*c, 3*o - 2*o + 4 = 0. Let z = 176 - 125. What is the remainder when z is divided by -2 + (c - -2 - 3)?
12
Let l be 5 - (2/(-1) + 3). Suppose -3 + 13 = 2*m + 2*h, -5 = -l*m + h. Let r = 4 + -3. What is the remainder when m is divided by r?
0
Let b = 3 - 1. Suppose 0 = 4*y + 371 - 379. Calculate the remainder when b is divided by y.
0
Suppose 5*q - 4*k = 200, 4*q + 2*k - 25 = 161. Suppose 5*o - q = 126. What is the remainder when o is divided by 18?
16
Let i(t) be the first derivative of 2*t**3/3 - 3*t**2/2 - 3*t + 1. Let f be i(-4). Suppose 5*w - f = 19. What is the remainder when 23 is divided by w?
11
Suppose t + 3*t - 44 = 0. Suppose -3*y + 4*h = t, h - 2 = 2*y - 3. Calculate the remainder when 31/4 + 3/12 is divided by y.
2
Let n = -705 + 716. Let x be (6/(-4))/((-3)/(-4)). Calculate the remainder when n is divided by -2*1*(-1 + x).
5
Let k = 25 + 11. Suppose 0 = 2*v - 88 - k. What is the remainder when v is divided by 16?
14
Let i(m) = -m**2 - 2*m + 6. What is the remainder when 7 is divided by i(-3)?
1
Let g(j) be the second derivative of -j**5/20 - 5*j**4/12 - j**3/3 - 3*j**2 + 5*j. What is the remainder when 13 is divided by g(-5)?
1
Let h(x) = -x + 8. Let a = 17 + -8. Let g(l) = l**2 - 8*l - 4. Let f be g(a). What is the remainder when 4 is divided by h(f)?
1
Suppose 143 = 3*r + 38. Suppose -d + 9 + 3 = 0. Calculate the remainder when r is divided by d.
11
Let t = 112 - 84. Calculate the remainder when t is divided by 20.
8
Let n(v) = 10*v + 1. Calculate the remainder when 81 is divided by n(2).
18
Let c = -13 + 14. What is the remainder when 5 is divided by c?
0
Suppose -7*f + 127 = 1. Suppose 3*r + 87 = 243. What is the remainder when r is divided by f?
16
Suppose -2*p + 2 + 10 = k, 2*p = -5*k + 20. Suppose -121 = -p*w + 89. Calculate the remainder when w is divided by 11.
9
Suppose 9 = 2*h - s, -3*h + 6*s = 5*s - 14. Suppose -3*f + 20 = d - 5, 4*d + 4*f = 68. What is the remainder when d is divided by h?
3
Suppose 8 + 1 = 5*i + 3*l, -4*i + 5*l + 22 = 0. Suppose 0*r = r + i. Calculate the remainder when 45 is divided by 1/r*(-4 - 65).
22
Let g = -7 + 12. Let j be ((-2)/g)/((-1)/(-5)). What is the remainder when (-236)/(-8) + (-3)/j is divided by 11?
9
Let k(z) = z**2 - 20 + z**3 + 36*z + 51 - 37*z. Calculate the remainder when k(0) is divided by 8.
7
Let r be 1/((-1)/(-3)) + 69. Let a = -13 + r. Calculate the remainder when a is divided by 15.
14
Suppose -2*u - 2 = -30. Calculate the remainder when 40 is divided by u.
12
Let o(m) = -m**3 + 13*m**2 + 7. Calculate the remainder when o(13) is divided by 4.
3
Let u = 17 - 24. What is the remainder when 22 is divided by (-4)/(-14) + (-40)/u?
4
Let i(r) = -20*r + 1. Suppose 4*k + k = 105. Calculate the remainder when i(-3) is divided by k.
19
Let t(q) = q**3 - 3*q**2 + 3*q - 2. Let z be (2 + (1 - 5))*-1. Calculate the remainder when -2 + (20 - (z - 4)) is divided by t(3).
6
Suppose -5*x + 114 = -191. Calculate the remainder when x is divided by 16.
13
Let g(j) be the first derivative of j**3 - 2*j - 2 + 1/2*j**2. What is the remainder when 35 is divided by g(2)?
11
Let d(b) = 2*b**2 + 11*b + 15. Calculate the remainder when d(-6) is divided by 9.
3
Let u(h) = -34*h + 3. Calculate the remainder when u(-2) is divided by 24.
23
Let n = 124 + -64. Suppose -5*g = -0*g - n. Calculate the remainder when 22 is divided by g.
10
Let i(y) = -y + 9*y + 14 + 0*y**2 - y**2 - 5. Calculate the remainder when 17 is divided by i(8).
8
Let m = -41 - -98. Calculate the remainder when m is divided by 16.
9
Let i(f) = -f**3 - 9*f**2 - 11*f - 11. What is the remainder when 25 is divided by i(-8)?
12
Suppose 2*c = 4*z - 6, -4 = -0*c - 4*c. Suppose -5*h + 2*t + 100 = -h, 0 = -t + z. Suppose 0*l + l - h = 0. What is the remainder when l is divided by 14?
12
Let t = 6 - 1. Suppose d = -b + 9, 3*d - 16 = t*b + 19. Suppose -4*y + 4*q = -108, 3*y - 82 = 5*q - 3*q. Calculate the remainder when y is divided by d.
8
Let j(l) = 5*l**2 - 2*l. Calculate the remainder when 13 is divided by j(-1).
6
Let t = -15 + 46. What is the remainder when t is divided by 154/28*2*1?
9
Let q(z) = -z**2 - 12*z - 4. Let p = -35 - -25. Calculate the remainder when 46 is divided by q(p).
14
Suppose 1 = -5*d - 4. Let n = -13 + 19. Let o = n + d. What is the remainder when 14 is divided by o?
4
Suppose 2*t - 5 = 3*o - 149, -2*o + 95 = -t. What is the remainder when o is divided by 12?
10
Suppose -3*t - r + 3 = -0*t, 0 = t + 5*r - 15. Suppose t = w + 4*w - 25. Suppose 0 = -w*n + 16 + 39. What is the remainder when 20 is divided by n?
9
Let c be -2 - -2 - (5 - 2). Let m = 26 + c. Calculate the remainder when m is divided by 13.
10
Let p(s) = -s**3 + 6*s**2 - 2*s + 2. Let n be p(6). Let m = n + 22. Suppose -m = -3*l + l. Calculate the remainder when 11 is divided by l.
5
What is the remainder when 0 - -31 - (0 - 3) is divided by 12?
10
Suppose 5*w - 111 = -36. Suppose -5*p = -5*f + 33 + 12, -4*f = -3*p - 36. What is the remainder when w is divided by f?
6
Let p = -35 + 52. Calculate the remainder when 78 is divided by p.
10
Suppose 6*f - 3*f = 48. Calculate the remainder when 31 is divided by f.
15
Suppose -d = 3*d + 4*h - 152, -5*d + 3*h + 198 = 0. Suppose 3*s + 2*w = 52, 6*w - w - d = -s. What is the remainder when s is divided by 8?
6
Let r(v) = -v**3 + 7*v**2 + v - 7. Suppose f + 14 = 3*f. Let o be r(f). Let s = 3 - o. What is the remainder when 10 is divided by s?
1
Suppose -4*l = -l - p - 32, -5*l + 5*p = -50. Calculate the remainder when l is divided by 3.
2
Suppose -2*g + 14 = -8. What is the remainder when 31 is divided by g?
9
What is the remainder when 57 is divided by -6*3*6/(-9)?
9
Suppose -2*c + 3*w = -0*c + 9, -5*c - 5*w + 40 = 0. Suppose -30 = 2*o - 12. What is the remainder when -3*((-6)/o + -2) is divided by c?
1
Let c = 108 - 102. Suppose 2 = -i + 17. What is the remainder when i is divided by c?
3
Suppose 2*y - 3*x + 5*x = 86, 3*x + 200 = 4*y. What is the remainder when y is divided by 7?
5
Suppose 5*z + 160 = 5*t, 0 = -4*t + z + 76 + 64. What is the remainder when 105 is divided by t?
33
Suppose -5*h + 65 = -f, -h + 29 = 2*f + 5. Let o = -155 - -224. Calculate the remainder when o is divided by h.
13
Suppose -4*j + 2*j + 10 = 0. Calculate the remainder when 12 is divided by j.
2
Let d(f) = -4*f + 13. Calculate the remainder when d(-6) is divided by 10.
7
Let y(s) = -s + 11. Let g = 11 - 19. Let k be y(g). Let t = k - 8. Calculate the remainder when t is divided by 4.
3
Let v be (0 + (-23)/2)*2. Let g = v - -42. What is the remainder when g is divided by 7?
5
Let q(i) = i**2 + 39. Let o(p) = 26*p**2 - 47*p. Calculate the remainder when q(0) is divided by o(2).
9
Calculate the remainder when (-310)/(-20)*(1 - -1) is divided by 11.
9
Let b = 133 + -72. Calculate the remainder when b is divided by (-156)/(-10) - 2/(-5).
13
Let a = -10 + 14. Suppose -4*v + x - 3*x + 64 = 0, 0 = -a*v + 3*x + 64. What is the remainder when 46 is divided by v?
14
Let d(h) = -h**2 - 4*h - 9. Let q be d(-6). Let g be 4/(-2) + q + -1. Calculate the remainder when 22 is divided by 1*-2*g/6.
6
Suppose -4*p = -138 + 38. Calculate the remainder when p is divided by 14.
11
Let r(s) = -s**3 - 4*s**2 + 6*s. Let x = 3 + -8. Let a be r(x). Let k = 18 - a. C